 -11*v - 114. Let x = v - -16. Let f(t) = -t + 1 + 0 - 2. Determine f(x).
2
Let r(f) = 31*f + 35*f + 29*f + 8 - 90*f. Calculate r(8).
48
Let l = 1418 + -1409. Let c(z) = z**3 - 10*z**2 + 11*z - 4. Give c(l).
14
Let k be 28/(-42) + (-20)/6. Let y(s) = -s**2 - 9*s. Determine y(k).
20
Let c(q) be the second derivative of q**5/20 - q**4/3 - q**3/2 - 3*q**2/2 - q - 6. Let a = 11 - 6. Calculate c(a).
7
Let s be 15/2*(-8)/3. Let w = -18 - s. Let x(r) = 3*r**2 + 3*r**2 - 2*r**2 - 2*r - 2*r**2. Calculate x(w).
4
Let x(q) = 7*q**3 - 6*q**2 - 2*q + 9. Let c(g) = -13*g**3 + 11*g**2 + 4*g - 17. Let k(a) = 6*c(a) + 11*x(a). What is k(0)?
-3
Suppose -26 = 5*p - 4*g, -6*g + 22 = -3*p - 2*g. Let r be p*(-1 + (-1)/2). Suppose -11 = r*k - 2. Let c(m) = -m**2 - 7*m - 4. What is c(k)?
8
Let y(l) be the third derivative of -1/12*l**5 - 1/120*l**6 + 8*l**2 + 0 - 1/3*l**3 + 0*l - 1/6*l**4. Suppose 3*p + 20 = -2*p. Determine y(p).
-2
Let z(s) = -s**2 + 2*s - 5. Let v be z(3). Let f be (1/(-3))/(v/48). Let t(c) = -8*c + 16*c + c**f + 1 - 6*c. Give t(-4).
9
Let s(m) = m**3 - 15*m**2 - 2*m + 22. Suppose -15*a = -195 - 30. Calculate s(a).
-8
Suppose -17*t = -20*t + 9. Let o(u) = 2 + 2*u + u**2 - 1 + 7 - t*u. What is o(0)?
8
Let x be (2 + (-10)/4)/((-1)/12). Let y(t) = t**2 - 11*t - 4. Let z(s) = s - 1. Let o(w) = -y(w) - 4*z(w). Calculate o(x).
14
Let n = -213 + 216. Let i(q) = -q**3 + 4*q**2 - 3*q - 3. Give i(n).
-3
Let v = -3 + 7. Let p(y) = 3*y**2 + 0*y**2 + 3*y**2 + 4 - v*y - 7*y**2. Let n be p(-5). Let s(j) = j**2 - j - 1. Give s(n).
1
Let q(l) = -l**2 + l + 1. Let c(x) = -7*x**2 + 4. Let o(w) = -c(w) + 6*q(w). Let s be 1*(-4 - 55/(-5)). Let g = s - 13. What is o(g)?
2
Let x(v) = v**2 - 7*v - 26. Let f(s) = -2*s**3 + 23*s**2 - 18*s + 86. Let c be f(11). Determine x(c).
-8
Suppose 5*y + 0*p - 129 = p, y - 5*p = 21. Let h(g) = g**3 + 5*g**2 + 3*g - 1. Let u be h(-4). Let b(c) = -c**2 - 4 - y*c + u - 24*c + 49*c. Determine b(-4).
-13
Let n(y) = 2*y - 2. Let r(x) = 5*x**2 - 5*x. Let i be r(3). Let l = 35 - i. Determine n(l).
8
Suppose j = 108*r - 104*r, -3*r = -j - 1. Let u(c) = -58*c + 2. Calculate u(r).
60
Let p(t) be the second derivative of t**3/2 + 11*t**2/2 + 2*t. Let r(s) = s + 4. Suppose 7*q - 8*q = -11. Let a(x) = q*r(x) - 4*p(x). Calculate a(-2).
2
Let j(v) be the second derivative of v**4/12 + 2*v**3/3 + 3*v**2 - 2*v - 11. Give j(-4).
6
Let b(u) = u - 5. Let m(d) = -d - 1. Let j be m(-2). Let o be 1/(-2) - j/(2 - 4). What is b(o)?
-5
Let j(f) be the second derivative of f**3/3 + 3*f**2/2 - 78*f. Determine j(3).
9
Let c(i) = -i**2 - 4. Let m be 10 - 1 - (0 - -3). Let f(d) = 2*d**2 - 12*d. Let s be f(m). Give c(s).
-4
Let h(i) = -i**2 - 12*i - 18. Let q be h(-10). Let w(o) = -11*o - 3*o + o**q - 3*o + 14*o + 3. What is w(3)?
3
Let o(y) = 7*y + 3. Let j(m) = m. Let l(u) = -6*j(u) + o(u). Let h(d) = d - 5. Let n be h(5). Determine l(n).
3
Let u(t) be the first derivative of -t**2 - 29*t - 223. Give u(-19).
9
Let h(z) be the second derivative of z**5/20 + z**4/3 + 2*z. Let u be h(-4). Let w(l) = -3*l. Let o(t) = 5*t. Let n(a) = 5*o(a) + 8*w(a). Calculate n(u).
0
Suppose v - 220 = -5*b + 2*v, -4*v = -b + 25. Let r = b + -46. Let f(o) = 6*o**2 - o. Calculate f(r).
7
Suppose -5*r - 116 - 104 = 0. Let f = r + 55. Let m(p) = p**2 - 11*p - 7. Calculate m(f).
-7
Let u(r) = -9*r - 1. Let q = 272 + -274. Give u(q).
17
Let c(f) = f**3 + 173*f - 1 - 7 + 3 - 182*f - 7*f**2. Give c(8).
-13
Let c(b) = -b**3 - b**2 - 14 + 6*b**2 + 17 + 4*b**2 - 8*b. What is c(8)?
3
Let z(o) = -o - 18. Suppose -l - 2*l + 96 = 0. Let f = -41 + l. Calculate z(f).
-9
Let b(l) = 3*l + 2. Let h(u) be the second derivative of u**3 + 3*u**2/2 - 21*u. Let j(w) = -7*b(w) + 3*h(w). Give j(-6).
13
Let f(h) be the first derivative of -h**4/6 + h**3 + 34*h + 21. Let b(t) be the first derivative of f(t). What is b(4)?
-8
Let g(j) = j**2 - 3*j. Suppose 5*x + 6 = 7*x. Let f be g(x). Let y(z) be the third derivative of -z**4/24 + 4*z**3/3 + 29*z**2. What is y(f)?
8
Let s(y) = -16*y**2 + y. Suppose 3*u = o - 3 - 2, 0 = -3*u + 2*o - 10. Suppose -7 = -3*n - q, 3*n - 3*q + 9 = -u*n. Determine s(n).
-15
Let x(a) = 3*a - 1 - 7 - 1 + 6 + 2. Let w = 13 - 9. Determine x(w).
11
Suppose -2*a + 23 = -r, -3*a + 0*r = -4*r - 42. Suppose -15*f + a*f + 25 = 0. Let m(k) = -k**3 + 6*k**2 - 4*k - 1. Give m(f).
4
Let b(u) = 2 + 74*u**3 - 2*u**2 - 141*u**3 + 2*u**2 + 4*u + 2*u**2 + 68*u**3. Determine b(-3).
-19
Let q = -118 + 116. Let m(k) = k**3 + k**2 - 4*k - 3. Determine m(q).
1
Let s(o) = -5*o**2 + 29*o + 1. Let a(b) = -22*b**2 + 120*b + 3. Let f(y) = -2*a(y) + 9*s(y). What is f(21)?
3
Let s = -1 + 1. Let r(k) = -11*k**2 + 9. Let t(p) = 5*p**2 - 4. Let v be -3 + 4 + -4 - -16. Let l(b) = v*t(b) + 6*r(b). Determine l(s).
2
Suppose -p - 14*t = -10*t + 23, 0 = -2*p + t - 10. Let w(b) = b**2 + 8*b + 12. Calculate w(p).
5
Let t = -14 - -16. Suppose -t*o = -p + 3 + 3, 2*o = -5*p + 30. Let m(j) be the second derivative of j**5/20 - 7*j**4/12 + 2*j**3/3 + 5*j**2/2 - 4*j. Give m(p).
-7
Let w(n) = -2*n + 5. Suppose -2*v + b = v + 61, -v + 4*b - 24 = 0. Let o = v - -22. Suppose 0 = o*j + 9 - 1. Calculate w(j).
13
Let a = 14 - 9. Let t(d) be the first derivative of -d**2 + 5*d - 19. Calculate t(a).
-5
Let f(b) be the second derivative of b**3/6 - 2*b**2 - 56*b. Let l(a) = -a - 5. Let p be l(-7). Calculate f(p).
-2
Let b = 1 + 1. Let x be (b + -6)*25/20. Let k(l) = 2*l. Determine k(x).
-10
Let t(i) = i**3 - 5*i**2 + 2*i + 4. Let m(k) = k**3 + 4*k**2 + k - 2. Let z be m(-3). Let d be t(z). Let l = 4 + d. Let c(j) = -j**2 - j - 10. What is c(l)?
-10
Let a = -7 + 9. Let u(s) be the second derivative of 0 - 2*s + 0*s**2 - 1/4*s**4 + 1/2*s**3. Determine u(a).
-6
Let z be (2 - 1)/(6/(-78)). Let g be z/(-11) + 10/(-55). Let v(d) = -10 - 1 + d + g - 6. Give v(7).
-9
Let x(h) = h**2 + 45*h - 365. Let a be x(-52). Let g(m) = -27*m**2 - 1. What is g(a)?
-28
Let k(x) = 16*x**3 - 2*x**2 + x - 5. Let a(m) = -5*m**3 + m**2 + m + 1. Let q(p) = 3*a(p) + k(p). What is q(3)?
46
Let o(g) = -g - 2. Let s be o(0). Let v = s - -2. Let k(y) = 9*y**2 - 11. Let q(n) = 5*n**2 - 6. Let a(i) = 4*k(i) - 7*q(i). Determine a(v).
-2
Let a(m) = -m**2 - 7*m + 4. Let h be a(-6). Let r = 6 - h. Let l(n) = -12*n - 4*n - 163 + 15*n + 166. Calculate l(r).
7
Let z(p) = p**2 - 8*p - 1. Suppose 0 = 4*t + 4*t - 24. Suppose -7*y + 3*v + 16 = -t*y, 32 = 4*y + v. What is z(y)?
-8
Let h(l) be the second derivative of -3/2*l**2 + 0 + 5/12*l**4 + 12*l - 1/20*l**5 + l**3. Determine h(6).
-3
Let o(b) be the second derivative of -b**3/6 + 9*b**2 - 547*b. Determine o(24).
-6
Let a(n) be the second derivative of -n**3/3 + 3*n**2/2 + 27*n. Suppose -48 = -7*l - l. What is a(l)?
-9
Let x = -61 - -72. Let s(o) = o + 5*o**2 - 20*o**2 + x*o**2 - o**3 + 3*o**2 + 13. Give s(0).
13
Let d(l) = l - 7. Let f be d(0). Let s(h) be the third derivative of -h**6/120 - 2*h**5/15 - h**4/3 - 4*h**3/3 + 22*h**2 + 42. Calculate s(f).
-1
Let w(r) = -r + 1. Let z be w(3). Let s(q) = -3*q**3 - 6*q**2 - 4*q - 10. Let u(x) = 7*x**3 + 11*x**2 + 9*x + 20. Let g(o) = z*u(o) - 5*s(o). Give g(-8).
-6
Let z be (-2 - -3) + 0 + -2. Suppose 0 = 5*c + 5*c - 10. Let y be (z - -2 - 3) + c. Let g(f) = 4*f**2 + f. Determine g(y).
3
Let j(o) = 2*o - 1. Let m(t) = 11*t - 7. Let c(h) = 2*j(h) - m(h). Give c(7).
-44
Let d = 9 - 5. Let w(h) be the third derivative of h**5/30 - 7*h**4/24 + 5*h**3/6 - 142*h**2. Give w(d).
9
Let j(i) = 2*i**2 + i**2 + i**3 - 2*i**3 - 1. Suppose 28*z - 95 + 11 = 0. Give j(z).
-1
Let n(a) = 2*a**2 + 4*a + 9. Let x(j) = -j**2 + 2*j + 2. Let t(m) = n(m) + 3*x(m). Determine t(8).
31
Suppose 10*b = 5*b + 45. Let l(c) = -3*c - 11*c + 7*c + 4*c - b. Calculate l(-6).
9
Suppose -5*l - 2*j = 6 - 0, 0 = l - j - 3. Suppose l*w = 3*w - 33. Suppose -8*h - 3 = -w*h. Let s(f) = -6*f**3 - 2*f**2 + 2*f - 1. Calculate s(h).
-7
Let q(j) be the third derivative of j**5/60 + j**4/4 - 5*j**3/6 + 736*j**2. What is q(-5)?
-10
Let k(a) = -7*a - 4. Let w = 315 - 319. Determine k(w).
24
Let b(i) be the second derivative of -i**6/360 + i**5/20 - i**4/8 - 10*i**3/3 - 3*i. Let f(r) be the second derivative of b(r). Give f(6).
-3
Let g(z) = 0*z - 117 - z**2 + 62 - z + 57 + 2*z. What is g(7)?
-40
Let l(m) = -9*m + 127 - 2*m - 126. Let a = 1